{"id":214,"date":"2020-10-29T15:41:00","date_gmt":"2020-10-29T15:41:00","guid":{"rendered":"http:\/\/heikokupke.de\/?page_id=214"},"modified":"2023-05-13T19:18:38","modified_gmt":"2023-05-13T19:18:38","slug":"colibri-wp","status":"publish","type":"page","link":"https:\/\/heikokupke.de\/","title":{"rendered":"Front Page"},"content":{"rendered":"<div data-colibri-id=\"214-c1\" class=\"style-191 style-local-214-c1 position-relative\">\n  <!---->\n  <div data-colibri-component=\"section\" data-colibri-id=\"214-c9\" id=\"overlappable-2\" class=\"h-section h-section-global-spacing d-flex align-items-lg-center align-items-md-center align-items-center style-192 style-local-214-c9 position-relative\">\n    <!---->\n    <!---->\n    <div class=\"h-section-grid-container h-section-boxed-container\">\n      <!---->\n      <div data-colibri-id=\"214-c10\" class=\"h-row-container gutters-row-lg-2 gutters-row-md-2 gutters-row-2 gutters-row-v-lg-2 gutters-row-v-md-2 gutters-row-v-2 style-193 style-local-214-c10 position-relative\">\n        <!---->\n        <div class=\"h-row justify-content-lg-center justify-content-md-center justify-content-center align-items-lg-stretch align-items-md-stretch align-items-stretch gutters-col-lg-2 gutters-col-md-2 gutters-col-2 gutters-col-v-lg-2 gutters-col-v-md-2 gutters-col-v-2\">\n          <!---->\n          <div class=\"h-column h-column-container d-flex h-col-lg-4 h-col-md-4 h-col-12 style-194-outer style-local-214-c11-outer\">\n            <div data-colibri-id=\"214-c11\" class=\"d-flex h-flex-basis h-column__inner h-px-lg-3 h-px-md-3 h-px-3 v-inner-lg-3 v-inner-md-3 v-inner-3 style-194 style-local-214-c11 position-relative\">\n              <!---->\n              <!---->\n              <div class=\"w-100 h-y-container h-column__content h-column__v-align flex-basis-100 align-self-lg-start align-self-md-start align-self-start\">\n                <!---->\n                <div data-colibri-id=\"214-c12\" class=\"h-icon style-195 style-local-214-c12 position-relative h-element\">\n                  <!----><span class=\"h-svg-icon h-icon__icon style-195-icon style-local-214-c12-icon\"><!--Icon by Icons8 Line Awesome (https:\/\/icons8.com\/line-awesome)--><svg version=\"1.1\" xmlns=\"http:\/\/www.w3.org\/2000\/svg\" xmlns:xlink=\"http:\/\/www.w3.org\/1999\/xlink\" id=\"thumbs-up\" viewBox=\"0 0 512 545.5\"><path d=\"M267 80h6.5c25.858 0 46.525 19.68 46.5 42.5 0 21.38-7.486 37.233-15 47.5-4.696 6.416-6.75 7.5-10 10l-3 12h92c30.214 0 53.334 28.463 47 58l-34.5 160c-4.73 22.034-24.458 38-47 38H80V192h73.5L262 84.5zm11.5 33.5L176 214.5V416h173.5c7.634 0 14.396-5.03 16-12.5l34-160c2.21-10.304-4.945-19.5-15.5-19.5H250.5l5-20 9.5-36 2-6.5 5.5-3s2.865-1.35 7-7 8.5-14.557 8.5-29c.006-4.922-2.76-7.692-9.5-9zM112 224v192h32V224h-32z\"><\/path><\/svg><\/span><\/div>\n                <div\n                  data-colibri-id=\"214-c13\" class=\"h-global-transition-all h-heading style-196 style-local-214-c13 position-relative h-element\">\n                  <!---->\n                  <div class=\"h-heading__outer style-196 style-local-214-c13\">\n                    <!---->\n                    <!---->\n                    <h4 class=\"\">Pr\u00e4vention<\/h4>\n                  <\/div>\n              <\/div>\n              <div data-colibri-id=\"214-c14\" class=\"h-text h-text-component style-197 style-local-214-c14 position-relative h-element\">\n                <!---->\n                <!---->\n                <div class=\"\">\n                  <p>Gefahrenbewusstsein<\/p>\n                  <p>Pr\u00e4vention<\/p>\n                  <p>Erkennen und Vermeiden bedrohlicher Situationen<\/p>\n                  <p>Arbeitsplatzgestaltung<\/p>\n                  <p>(Arbeits-) Kleidung<\/p>\n                  <p>\n                    <br>\n                  <\/p>\n                <\/div>\n              <\/div>\n            <\/div>\n          <\/div>\n        <\/div>\n        <div class=\"h-column h-column-container d-flex h-col-lg-4 h-col-md-4 h-col-12 style-198-outer style-local-214-c15-outer\">\n          <div data-colibri-id=\"214-c15\" class=\"d-flex h-flex-basis h-column__inner h-px-lg-3 h-px-md-3 h-px-3 v-inner-lg-3 v-inner-md-3 v-inner-3 style-198 style-local-214-c15 position-relative\">\n            <!---->\n            <!---->\n            <div class=\"w-100 h-y-container h-column__content h-column__v-align flex-basis-100 align-self-lg-start align-self-md-start align-self-start\">\n              <!---->\n              <div data-colibri-id=\"214-c16\" class=\"h-icon style-195 style-local-214-c16 position-relative h-element\">\n                <!----><span class=\"h-svg-icon h-icon__icon style-195-icon style-local-214-c16-icon\"><!--Icon by Font Awesome (https:\/\/fontawesome.com)--><svg version=\"1.1\" xmlns=\"http:\/\/www.w3.org\/2000\/svg\" xmlns:xlink=\"http:\/\/www.w3.org\/1999\/xlink\" id=\"hand-stop-o\" viewBox=\"0 0 1792 1896.0833\"><path d=\"M880 128q-46 0-79 33t-33 79v656h-32V368q0-46-33-79t-79-33-79 33-33 79v784L358 947q-38-51-102-51-53 0-90.5 37.5T128 1024q0 43 26 77l384 512q38 51 102 51h688q34 0 61-22t34-56l76-405q5-32 5-59V624q0-46-33-79t-79-33-79 33-33 79v272h-32V368q0-46-33-79t-79-33-79 33-33 79v528h-32V240q0-46-33-79t-79-33zm0-128q68 0 125.5 35.5T1094 132q19-4 42-4 99 0 169.5 70.5T1376 368v17q105-6 180.5 64t75.5 175v498q0 40-8 83l-76 404q-14 79-76.5 131t-143.5 52H640q-60 0-114.5-27.5T435 1690L51 1178q-51-68-51-154 0-106 75-181t181-75q78 0 128 34V368q0-99 70.5-169.5T624 128q23 0 42 4 31-61 88.5-96.5T880 0z\"><\/path><\/svg><\/span><\/div>\n              <div\n                data-colibri-id=\"214-c17\" class=\"h-global-transition-all h-heading style-196 style-local-214-c17 position-relative h-element\">\n                <!---->\n                <div class=\"h-heading__outer style-196 style-local-214-c17\">\n                  <!---->\n                  <!---->\n                  <h4 class=\"\">Selbstbehauptung<\/h4>\n                <\/div>\n            <\/div>\n            <div data-colibri-id=\"214-c18\" class=\"h-text h-text-component style-197 style-local-214-c18 position-relative h-element\">\n              <!---->\n              <!---->\n              <div class=\"\">\n                <p>Selbstwirksamkeit<\/p>\n                <p>Selbstbewusstsein<\/p>\n                <p>Grenzen setzen<\/p>\n                <p>Flucht oder Hilfe<\/p>\n                <p>Zivilcourage<\/p>\n              <\/div>\n            <\/div>\n          <\/div>\n        <\/div>\n      <\/div>\n      <div class=\"h-column h-column-container d-flex h-col-lg-4 h-col-md-4 h-col-12 style-199-outer style-local-214-c19-outer\">\n        <div data-colibri-id=\"214-c19\" class=\"d-flex h-flex-basis h-column__inner h-px-lg-3 h-px-md-3 h-px-3 v-inner-lg-3 v-inner-md-3 v-inner-3 style-199 style-local-214-c19 position-relative\">\n          <!---->\n          <!---->\n          <div class=\"w-100 h-y-container h-column__content h-column__v-align flex-basis-100 align-self-lg-start align-self-md-start align-self-start\">\n            <!---->\n            <div data-colibri-id=\"214-c20\" class=\"h-icon style-195 style-local-214-c20 position-relative h-element\">\n              <!----><span class=\"h-svg-icon h-icon__icon style-195-icon style-local-214-c20-icon\"><!--Icon by Font Awesome (https:\/\/fontawesome.com)--><svg version=\"1.1\" xmlns=\"http:\/\/www.w3.org\/2000\/svg\" xmlns:xlink=\"http:\/\/www.w3.org\/1999\/xlink\" id=\"hand-rock-o\" viewBox=\"0 0 1536 1896.0833\"><path d=\"M768 384q-53 0-90.5 37.5T640 512v128h-32v-93q0-48-32-81.5T496 432q-46 0-79 33t-33 79v429l-32-30V771q0-48-32-81.5T240 656q-46 0-79 33t-33 79v224q0 47 35 82l310 296q39 39 39 102 0 26 19 45t45 19h640q26 0 45-19t19-45v-25q0-41 10-77l108-436q10-36 10-77V611q0-48-32-81.5t-80-33.5q-46 0-79 33t-33 79v32h-32V515q0-40-25-72.5t-64-40.5q-14-2-23-2-46 0-79 33t-33 79v128h-32V518q0-51-32.5-89.5T781 385q-5-1-13-1zm0-128q84 0 149 50 57-34 123-34 59 0 111 27t86 76q27-7 59-7 100 0 170 71.5t70 171.5v246q0 51-13 108l-109 436q-6 24-6 71 0 80-56 136t-136 56H576q-84 0-138-58.5T384 1463L76 1167Q0 1094 0 992V768q0-99 70.5-169.5T240 528q11 0 16 1 6-95 75.5-160T496 304q52 0 98 21 72-69 174-69z\"><\/path><\/svg><\/span><\/div>\n            <div\n              data-colibri-id=\"214-c21\" class=\"h-global-transition-all h-heading style-196 style-local-214-c21 position-relative h-element\">\n              <!---->\n              <div class=\"h-heading__outer style-196 style-local-214-c21\">\n                <!---->\n                <!---->\n                <h4 class=\"\">Selbstverteidigung<\/h4>\n              <\/div>\n          <\/div>\n          <div data-colibri-id=\"214-c22\" class=\"h-text h-text-component style-197 style-local-214-c22 position-relative h-element\">\n            <!---->\n            <!---->\n            <div class=\"\">\n              <p>K\u00f6rperliche Verteidigung<\/p>\n              <p>Verteidigungstechniken<\/p>\n              <p>(in Abh\u00e4ngigkeit des Verh\u00e4ltnisses zum Angreifer und der Schwere des Angriffs<\/p>\n              <p>situationsbezogen und klientenorientiert)<\/p>\n              <p>\n                <br>\n              <\/p>\n            <\/div>\n          <\/div>\n        <\/div>\n      <\/div>\n    <\/div>\n  <\/div>\n<\/div>\n<\/div>\n<\/div>\n<div data-colibri-component=\"section\" data-colibri-id=\"214-c23\" id=\"about\" class=\"h-section h-section-global-spacing d-flex align-items-lg-center align-items-md-center align-items-center style-200 style-local-214-c23 position-relative\">\n  <div class=\"background-wrapper\">\n    <div class=\"background-layer background-layer-media-container-lg\">\n      <!---->\n      <div class=\"overlay-layer\">\n        <div class=\"overlay-image-layer\" style=\"background-image: linear-gradient(90deg, rgb(255, 255, 255) 40%, rgba(0, 0, 0, 0) 40%);\"><\/div>\n      <\/div>\n    <\/div>\n    <div class=\"background-layer background-layer-media-container-md\">\n      <!---->\n      <div class=\"overlay-layer\">\n        <div class=\"overlay-image-layer\" style=\"background-image: linear-gradient(90deg, rgb(255, 255, 255) 40%, rgba(0, 0, 0, 0) 40%);\"><\/div>\n      <\/div>\n    <\/div>\n    <div class=\"background-layer background-layer-media-container\">\n      <!---->\n      <div class=\"overlay-layer\">\n        <div class=\"overlay-image-layer\" style=\"background-image: linear-gradient(90deg, rgb(255, 255, 255) 40%, rgba(0, 0, 0, 0) 40%);\"><\/div>\n      <\/div>\n    <\/div>\n  <\/div>\n  <!---->\n  <div class=\"h-section-grid-container h-section-boxed-container\">\n    <!---->\n    <div data-colibri-id=\"214-c24\" class=\"h-row-container gutters-row-lg-2 gutters-row-md-2 gutters-row-2 gutters-row-v-lg-2 gutters-row-v-md-2 gutters-row-v-2 style-201 style-local-214-c24 position-relative\">\n      <!---->\n      <div class=\"h-row justify-content-lg-start justify-content-md-start justify-content-start align-items-lg-stretch align-items-md-stretch align-items-stretch gutters-col-lg-2 gutters-col-md-2 gutters-col-2 gutters-col-v-lg-2 gutters-col-v-md-2 gutters-col-v-2\">\n        <!---->\n        <div class=\"h-column h-column-container d-flex h-col-lg-auto h-col-md-auto h-col-auto style-202-outer style-local-214-c25-outer\">\n          <div data-colibri-id=\"214-c25\" class=\"d-flex h-flex-basis h-column__inner h-px-lg-0 h-px-md-0 h-px-0 v-inner-lg-0 v-inner-md-0 v-inner-0 style-202 style-local-214-c25 position-relative\">\n            <!---->\n            <!---->\n            <div class=\"w-100 h-y-container h-column__content h-column__v-align flex-basis-100 align-self-lg-center align-self-md-center align-self-center\">\n              <!---->\n              <div data-colibri-id=\"214-c26\" class=\"h-global-transition-all h-heading style-204 style-local-214-c26 position-relative h-element\">\n                <!---->\n                <div class=\"h-heading__outer style-204 style-local-214-c26\">\n                  <!---->\n                  <!---->\n                  <h2 class=\"\">Pr\u00e4vention, Deeskalation, managen von Konflikten und professioneller Umgang mit Gewalt &amp; Aggression<\/h2>\n                <\/div>\n              <\/div>\n              <div data-colibri-id=\"214-c27\" class=\"h-text h-text-component style-205 style-local-214-c27 position-relative h-element\">\n                <!---->\n                <!---->\n                <div class=\"\">\n                  <p>\n                    <br>\n                  <\/p>\n                  <p>Heiko Kupke \u2013 \u201eAus Th\u00fcringen f\u00fcr Th\u00fcringen\u201c<\/p>\n                  <p>\n                    <br>\n                  <\/p>\n                  <p>Ihr Ansprechpartner f\u00fcr professionellen Umgang mit Gewalt in Beh\u00f6rden, Schulen, bei Einsatzkr\u00e4ften, in der Pflege und Jugendarbeit. Ihr Ausbilder f\u00fcr Kursleiter \u201eNicht mir mir\u201c im Kinder- und Jugendbereich.<\/p>\n                  <p>\n                    <br>\n                  <\/p>\n                  <p>Ziel meiner Kurse ist es, Ihnen zu helfen, mit allt\u00e4glichen und au\u00dfergew\u00f6hnlichen, bis hin zu gef\u00e4hrlichen Situationen umgehen zu k\u00f6nnen. Konflikte entstehen immer wieder und begegnen uns in ihrer Steigerung gepaart mit Aggressionen\n                    und Gewalt. Durch pr\u00e4ventive Ma\u00dfnahmen k\u00f6nnen Sie diese Situationen reduzieren, mit Selbstvertrauen und sicherem Auftreten diverse Situationen entsch\u00e4rfen. Mir ist es wichtig, dass meine Kursteilnehmer*innen Handlungsoptionen mitnehmen,\n                    ad\u00e4quat mit gef\u00e4hrlichen Situationen umgehen zu k\u00f6nnen, oder besser noch, diese durch eine gesch\u00e4rfte Wahrnehmung zu vermeiden.<\/p>\n                  <p>\n                    <br>\n                  <\/p>\n                <\/div>\n              <\/div>\n              <div data-colibri-id=\"214-c28\" class=\"h-x-container style-206 style-local-214-c28 position-relative h-element\">\n                <!---->\n                <div class=\"h-x-container-inner style-dynamic-214-c28-group style-206-spacing style-local-214-c28-spacing\"><span class=\"h-button__outer style-207-outer style-local-214-c29-outer d-inline-flex h-element\"><a h-use-smooth-scroll=\"true\" href=\"\"  data-colibri-id=\"214-c29\" class=\"d-flex w-100 align-items-center h-button justify-content-lg-center justify-content-md-center justify-content-center style-207 style-local-214-c29 position-relative\"><!----><!----> <span>get started<\/span><\/a>\n                  <\/span>\n                <\/div>\n              <\/div>\n            <\/div>\n          <\/div>\n        <\/div>\n      <\/div>\n    <\/div>\n  <\/div>\n<\/div>\n<\/div>","protected":false},"excerpt":{"rendered":"<p>Pr\u00e4vention Gefahrenbewusstsein Pr\u00e4vention Erkennen und Vermeiden bedrohlicher Situationen Arbeitsplatzgestaltung (Arbeits-) Kleidung Selbstbehauptung Selbstwirksamkeit Selbstbewusstsein Grenzen setzen Flucht oder Hilfe Zivilcourage Selbstverteidigung K\u00f6rperliche Verteidigung Verteidigungstechniken (in Abh\u00e4ngigkeit des Verh\u00e4ltnisses zum Angreifer und der Schwere des Angriffs situationsbezogen und klientenorientiert) Pr\u00e4vention, Deeskalation, managen von Konflikten und professioneller Umgang mit Gewalt &amp; Aggression Heiko Kupke \u2013 \u201eAus Th\u00fcringen [&hellip;]<\/p>\n","protected":false},"author":1,"featured_media":0,"parent":0,"menu_order":0,"comment_status":"closed","ping_status":"closed","template":"page-templates\/homepage.php","meta":[],"_links":{"self":[{"href":"https:\/\/heikokupke.de\/index.php?rest_route=\/wp\/v2\/pages\/214"}],"collection":[{"href":"https:\/\/heikokupke.de\/index.php?rest_route=\/wp\/v2\/pages"}],"about":[{"href":"https:\/\/heikokupke.de\/index.php?rest_route=\/wp\/v2\/types\/page"}],"author":[{"embeddable":true,"href":"https:\/\/heikokupke.de\/index.php?rest_route=\/wp\/v2\/users\/1"}],"replies":[{"embeddable":true,"href":"https:\/\/heikokupke.de\/index.php?rest_route=%2Fwp%2Fv2%2Fcomments&post=214"}],"version-history":[{"count":20,"href":"https:\/\/heikokupke.de\/index.php?rest_route=\/wp\/v2\/pages\/214\/revisions"}],"predecessor-version":[{"id":538,"href":"https:\/\/heikokupke.de\/index.php?rest_route=\/wp\/v2\/pages\/214\/revisions\/538"}],"wp:attachment":[{"href":"https:\/\/heikokupke.de\/index.php?rest_route=%2Fwp%2Fv2%2Fmedia&parent=214"}],"curies":[{"name":"wp","href":"https:\/\/api.w.org\/{rel}","templated":true}]}}